{"id":34,"date":"2018-10-19T13:50:53","date_gmt":"2018-10-19T11:50:53","guid":{"rendered":"http:\/\/lmc.jem-dev.com\/?page_id=34"},"modified":"2023-06-05T09:44:53","modified_gmt":"2023-06-05T07:44:53","slug":"mentions-legales","status":"publish","type":"page","link":"https:\/\/lmcorriger.fr\/index.php\/mentions-legales\/","title":{"rendered":"Mentions l\u00e9gales"},"content":{"rendered":"<div id=\"contenu_page\" class=\"coinsronds\">\n<h2>\u00c9diteur<\/h2>\n<h4><a href=\"http:\/\/lmcorriger.fr\/index.php\/qui-suis-je\/\">Lucie Patient<\/a><\/h4>\n<p>20, rue des Montagnes &#8211; Hameau Champleau<br \/>\n89130 \u2013 Toucy (France)<\/p>\n<dl>\n<dt>T\u00e9l\u00e9phone :<\/dt>\n<dd>+33 6 48 05 18 42<\/dd>\n<dt>Courriel :<\/dt>\n<dd>Veuillez utiliser le <a href=\"http:\/\/lmcorriger.fr\/index.php\/contact\/\">formulaire<\/a> r\u00e9serv\u00e9 \u00e0 cet effet.<\/dd>\n<\/dl>\n<h2>Directeur de publication<\/h2>\n<h4>LUCIE PATIENT<\/h4>\n<h2>H\u00e9bergement<\/h2>\n<h4>PlanetHostER<\/h4>\n<p>4416, rue Louis B. Mayer<br \/>\nLaval (Qu\u00e9bec) H7P OG1 \u2013 CANADA<\/p>\n<\/div>\n<h2>Donn\u00e9es personnelles<\/h2>\n<p>Aucune donn\u00e9e n\u2019est, ni ne sera, c\u00e9d\u00e9e \u00e0 qui que ce soit. Les donn\u00e9es que vous confiez vous-m\u00eame resteront strictement confidentielles. Pour les cookies, vous pouvez avoir davantage d\u2019informations sur leur utilisation sur <a href=\"http:\/\/lmcorriger.fr\/index.php\/politique-de-confidentialite\/\">cette page<\/a>.<\/p>\n","protected":false},"excerpt":{"rendered":"<p>\u00c9diteur Lucie Patient 20, rue des Montagnes &#8211; Hameau Champleau 89130 \u2013 Toucy (France) T\u00e9l\u00e9phone : +33 6 48 05 18 42 Courriel : Veuillez utiliser le formulaire r\u00e9serv\u00e9 \u00e0 cet effet. Directeur de publication LUCIE PATIENT H\u00e9bergement PlanetHostER 4416, rue Louis B. Mayer Laval (Qu\u00e9bec) H7P OG1 \u2013 CANADA Donn\u00e9es personnelles Aucune donn\u00e9e n\u2019est, &hellip; <a href=\"https:\/\/lmcorriger.fr\/index.php\/mentions-legales\/\" class=\"more-link\">Continuer la lecture<span class=\"screen-reader-text\"> de &laquo;&nbsp;Mentions l\u00e9gales&nbsp;&raquo;<\/span><\/a><\/p>\n","protected":false},"author":1,"featured_media":0,"parent":0,"menu_order":0,"comment_status":"closed","ping_status":"closed","template":"","meta":{"footnotes":""},"class_list":["post-34","page","type-page","status-publish","hentry"],"yoast_head":"<!-- This site is optimized with the Yoast SEO plugin v24.9 - https:\/\/yoast.com\/wordpress\/plugins\/seo\/ -->\n<title>Mentions l\u00e9gales - Bienvenue chez LM Corriger<\/title>\n<meta name=\"robots\" content=\"index, follow, max-snippet:-1, max-image-preview:large, max-video-preview:-1\" \/>\n<link rel=\"canonical\" href=\"http:\/\/lmcorriger.fr\/index.php\/mentions-legales\/\" \/>\n<meta property=\"og:locale\" content=\"fr_FR\" \/>\n<meta property=\"og:type\" content=\"article\" \/>\n<meta property=\"og:title\" content=\"Mentions l\u00e9gales - Bienvenue chez LM Corriger\" \/>\n<meta property=\"og:description\" content=\"\u00c9diteur Lucie Patient 20, rue des Montagnes &#8211; Hameau Champleau 89130 \u2013 Toucy (France) T\u00e9l\u00e9phone : +33 6 48 05 18 42 Courriel : Veuillez utiliser le formulaire r\u00e9serv\u00e9 \u00e0 cet effet. Directeur de publication LUCIE PATIENT H\u00e9bergement PlanetHostER 4416, rue Louis B. Mayer Laval (Qu\u00e9bec) H7P OG1 \u2013 CANADA Donn\u00e9es personnelles Aucune donn\u00e9e n\u2019est, &hellip; Continuer la lecture de &laquo;&nbsp;Mentions l\u00e9gales&nbsp;&raquo;\" \/>\n<meta property=\"og:url\" content=\"http:\/\/lmcorriger.fr\/index.php\/mentions-legales\/\" \/>\n<meta property=\"og:site_name\" content=\"Bienvenue chez LM Corriger\" \/>\n<meta property=\"article:modified_time\" content=\"2023-06-05T07:44:53+00:00\" \/>\n<meta name=\"twitter:card\" content=\"summary_large_image\" \/>\n<script type=\"application\/ld+json\" class=\"yoast-schema-graph\">{\"@context\":\"https:\/\/schema.org\",\"@graph\":[{\"@type\":\"WebPage\",\"@id\":\"http:\/\/lmcorriger.fr\/index.php\/mentions-legales\/\",\"url\":\"http:\/\/lmcorriger.fr\/index.php\/mentions-legales\/\",\"name\":\"Mentions l\u00e9gales - Bienvenue chez LM Corriger\",\"isPartOf\":{\"@id\":\"https:\/\/lmcorriger.fr\/#website\"},\"datePublished\":\"2018-10-19T11:50:53+00:00\",\"dateModified\":\"2023-06-05T07:44:53+00:00\",\"breadcrumb\":{\"@id\":\"http:\/\/lmcorriger.fr\/index.php\/mentions-legales\/#breadcrumb\"},\"inLanguage\":\"fr-FR\",\"potentialAction\":[{\"@type\":\"ReadAction\",\"target\":[\"http:\/\/lmcorriger.fr\/index.php\/mentions-legales\/\"]}]},{\"@type\":\"BreadcrumbList\",\"@id\":\"http:\/\/lmcorriger.fr\/index.php\/mentions-legales\/#breadcrumb\",\"itemListElement\":[{\"@type\":\"ListItem\",\"position\":1,\"name\":\"Accueil\",\"item\":\"https:\/\/lmcorriger.fr\/\"},{\"@type\":\"ListItem\",\"position\":2,\"name\":\"Mentions l\u00e9gales\"}]},{\"@type\":\"WebSite\",\"@id\":\"https:\/\/lmcorriger.fr\/#website\",\"url\":\"https:\/\/lmcorriger.fr\/\",\"name\":\"Bienvenue chez LM Corriger\",\"description\":\"La relecture au quotidien !\",\"publisher\":{\"@id\":\"https:\/\/lmcorriger.fr\/#organization\"},\"potentialAction\":[{\"@type\":\"SearchAction\",\"target\":{\"@type\":\"EntryPoint\",\"urlTemplate\":\"https:\/\/lmcorriger.fr\/?s={search_term_string}\"},\"query-input\":{\"@type\":\"PropertyValueSpecification\",\"valueRequired\":true,\"valueName\":\"search_term_string\"}}],\"inLanguage\":\"fr-FR\"},{\"@type\":\"Organization\",\"@id\":\"https:\/\/lmcorriger.fr\/#organization\",\"name\":\"LM Corriger\",\"url\":\"https:\/\/lmcorriger.fr\/\",\"logo\":{\"@type\":\"ImageObject\",\"inLanguage\":\"fr-FR\",\"@id\":\"https:\/\/lmcorriger.fr\/#\/schema\/logo\/image\/\",\"url\":\"http:\/\/lmcorriger.fr\/wp-content\/uploads\/2018\/10\/logolettresnoires_carre-e1539956662665-1.jpg\",\"contentUrl\":\"http:\/\/lmcorriger.fr\/wp-content\/uploads\/2018\/10\/logolettresnoires_carre-e1539956662665-1.jpg\",\"width\":100,\"height\":100,\"caption\":\"LM Corriger\"},\"image\":{\"@id\":\"https:\/\/lmcorriger.fr\/#\/schema\/logo\/image\/\"},\"sameAs\":[\"https:\/\/www.linkedin.com\/in\/lucie-patient-ab34b497\/\"]}]}<\/script>\n<!-- \/ Yoast SEO plugin. -->","yoast_head_json":{"title":"Mentions l\u00e9gales - Bienvenue chez LM Corriger","robots":{"index":"index","follow":"follow","max-snippet":"max-snippet:-1","max-image-preview":"max-image-preview:large","max-video-preview":"max-video-preview:-1"},"canonical":"http:\/\/lmcorriger.fr\/index.php\/mentions-legales\/","og_locale":"fr_FR","og_type":"article","og_title":"Mentions l\u00e9gales - Bienvenue chez LM Corriger","og_description":"\u00c9diteur Lucie Patient 20, rue des Montagnes &#8211; Hameau Champleau 89130 \u2013 Toucy (France) T\u00e9l\u00e9phone : +33 6 48 05 18 42 Courriel : Veuillez utiliser le formulaire r\u00e9serv\u00e9 \u00e0 cet effet. Directeur de publication LUCIE PATIENT H\u00e9bergement PlanetHostER 4416, rue Louis B. Mayer Laval (Qu\u00e9bec) H7P OG1 \u2013 CANADA Donn\u00e9es personnelles Aucune donn\u00e9e n\u2019est, &hellip; Continuer la lecture de &laquo;&nbsp;Mentions l\u00e9gales&nbsp;&raquo;","og_url":"http:\/\/lmcorriger.fr\/index.php\/mentions-legales\/","og_site_name":"Bienvenue chez LM Corriger","article_modified_time":"2023-06-05T07:44:53+00:00","twitter_card":"summary_large_image","schema":{"@context":"https:\/\/schema.org","@graph":[{"@type":"WebPage","@id":"http:\/\/lmcorriger.fr\/index.php\/mentions-legales\/","url":"http:\/\/lmcorriger.fr\/index.php\/mentions-legales\/","name":"Mentions l\u00e9gales - Bienvenue chez LM Corriger","isPartOf":{"@id":"https:\/\/lmcorriger.fr\/#website"},"datePublished":"2018-10-19T11:50:53+00:00","dateModified":"2023-06-05T07:44:53+00:00","breadcrumb":{"@id":"http:\/\/lmcorriger.fr\/index.php\/mentions-legales\/#breadcrumb"},"inLanguage":"fr-FR","potentialAction":[{"@type":"ReadAction","target":["http:\/\/lmcorriger.fr\/index.php\/mentions-legales\/"]}]},{"@type":"BreadcrumbList","@id":"http:\/\/lmcorriger.fr\/index.php\/mentions-legales\/#breadcrumb","itemListElement":[{"@type":"ListItem","position":1,"name":"Accueil","item":"https:\/\/lmcorriger.fr\/"},{"@type":"ListItem","position":2,"name":"Mentions l\u00e9gales"}]},{"@type":"WebSite","@id":"https:\/\/lmcorriger.fr\/#website","url":"https:\/\/lmcorriger.fr\/","name":"Bienvenue chez LM Corriger","description":"La relecture au quotidien !","publisher":{"@id":"https:\/\/lmcorriger.fr\/#organization"},"potentialAction":[{"@type":"SearchAction","target":{"@type":"EntryPoint","urlTemplate":"https:\/\/lmcorriger.fr\/?s={search_term_string}"},"query-input":{"@type":"PropertyValueSpecification","valueRequired":true,"valueName":"search_term_string"}}],"inLanguage":"fr-FR"},{"@type":"Organization","@id":"https:\/\/lmcorriger.fr\/#organization","name":"LM Corriger","url":"https:\/\/lmcorriger.fr\/","logo":{"@type":"ImageObject","inLanguage":"fr-FR","@id":"https:\/\/lmcorriger.fr\/#\/schema\/logo\/image\/","url":"http:\/\/lmcorriger.fr\/wp-content\/uploads\/2018\/10\/logolettresnoires_carre-e1539956662665-1.jpg","contentUrl":"http:\/\/lmcorriger.fr\/wp-content\/uploads\/2018\/10\/logolettresnoires_carre-e1539956662665-1.jpg","width":100,"height":100,"caption":"LM Corriger"},"image":{"@id":"https:\/\/lmcorriger.fr\/#\/schema\/logo\/image\/"},"sameAs":["https:\/\/www.linkedin.com\/in\/lucie-patient-ab34b497\/"]}]}},"_links":{"self":[{"href":"https:\/\/lmcorriger.fr\/index.php\/wp-json\/wp\/v2\/pages\/34","targetHints":{"allow":["GET"]}}],"collection":[{"href":"https:\/\/lmcorriger.fr\/index.php\/wp-json\/wp\/v2\/pages"}],"about":[{"href":"https:\/\/lmcorriger.fr\/index.php\/wp-json\/wp\/v2\/types\/page"}],"author":[{"embeddable":true,"href":"https:\/\/lmcorriger.fr\/index.php\/wp-json\/wp\/v2\/users\/1"}],"replies":[{"embeddable":true,"href":"https:\/\/lmcorriger.fr\/index.php\/wp-json\/wp\/v2\/comments?post=34"}],"version-history":[{"count":6,"href":"https:\/\/lmcorriger.fr\/index.php\/wp-json\/wp\/v2\/pages\/34\/revisions"}],"predecessor-version":[{"id":489,"href":"https:\/\/lmcorriger.fr\/index.php\/wp-json\/wp\/v2\/pages\/34\/revisions\/489"}],"wp:attachment":[{"href":"https:\/\/lmcorriger.fr\/index.php\/wp-json\/wp\/v2\/media?parent=34"}],"curies":[{"name":"wp","href":"https:\/\/api.w.org\/{rel}","templated":true}]}}